sor of 176 and 32725864?
8
What is the greatest common divisor of 31698113 and 5174?
199
What is the greatest common factor of 2109 and 19651263?
57
What is the highest common factor of 59 and 248084203?
59
Calculate the greatest common divisor of 2910042 and 20.
2
What is the greatest common factor of 21224 and 12271?
7
What is the greatest common divisor of 869 and 3981205?
79
What is the greatest common divisor of 4092099 and 253737?
363
Calculate the highest common factor of 1024 and 11764.
4
What is the greatest common factor of 17411 and 453443?
757
What is the highest common factor of 19 and 22805301?
19
What is the highest common factor of 44404 and 5780?
68
What is the highest common divisor of 4860 and 1037988?
108
What is the highest common divisor of 26899 and 2997?
37
What is the highest common factor of 73 and 122183969?
73
What is the highest common divisor of 108431960 and 520?
520
Calculate the greatest common factor of 787360 and 145312.
608
Calculate the highest common divisor of 623276 and 2660.
76
What is the greatest common factor of 3839040 and 10836?
1548
Calculate the highest common divisor of 40 and 667017680.
40
What is the highest common factor of 8 and 782066?
2
What is the greatest common divisor of 5187 and 892411?
247
Calculate the greatest common factor of 301737 and 35328.
69
Calculate the greatest common divisor of 12521 and 3151283.
19
What is the greatest common divisor of 1000 and 69421500?
500
What is the greatest common divisor of 1653 and 3926977?
551
What is the greatest common divisor of 733398 and 22227?
93
What is the greatest common divisor of 11473 and 686711498?
1639
Calculate the greatest common divisor of 19089 and 151578.
189
Calculate the highest common factor of 40692243 and 14136.
1767
Calculate the highest common divisor of 16375 and 606125.
125
What is the greatest common factor of 11575808 and 138?
46
What is the greatest common factor of 1274710 and 11970?
190
Calculate the highest common divisor of 23835445 and 1139.
17
Calculate the highest common factor of 140842 and 5096.
26
Calculate the greatest common divisor of 991515 and 12768.
399
Calculate the greatest common divisor of 131029 and 5888897.
463
Calculate the highest common divisor of 21 and 1184116500.
21
What is the highest common factor of 9 and 853218783?
9
What is the greatest common factor of 32211162 and 120?
6
Calculate the greatest common divisor of 88 and 5606992.
8
What is the greatest common factor of 6882775 and 200?
25
Calculate the highest common factor of 71580132 and 48.
12
Calculate the greatest common factor of 166658 and 101522.
46
Calculate the highest common factor of 5185 and 206465.
85
Calculate the highest common factor of 106604 and 4553.
29
Calculate the greatest common divisor of 1523864 and 43835.
797
What is the greatest common divisor of 2600 and 227845400?
200
What is the greatest common divisor of 65819 and 3233?
61
Calculate the greatest common factor of 2915962 and 252.
14
What is the highest common factor of 2113430 and 88?
22
Calculate the greatest common divisor of 9840233 and 494.
247
What is the greatest common factor of 61 and 21455286?
61
Calculate the greatest common factor of 102284305 and 580.
145
Calculate the highest common divisor of 833 and 4949.
49
Calculate the highest common divisor of 182 and 92737456.
14
Calculate the greatest common divisor of 80 and 948202.
2
Calculate the greatest common factor of 2046217 and 517328.
4619
Calculate the greatest common factor of 90564533 and 2073.
691
What is the greatest common divisor of 4017492 and 432?
108
What is the greatest common divisor of 87176657 and 3687?
1229
Calculate the highest common divisor of 104620 and 24970.
10
What is the greatest common factor of 9909126 and 140289?
1389
Calculate the greatest common factor of 10818673 and 949.
73
What is the greatest common divisor of 196 and 8787513?
49
Calculate the highest common divisor of 907051 and 329107.
8027
What is the highest common divisor of 847312976 and 16?
16
Calculate the greatest common factor of 94598 and 9439906.
406
Calculate the highest common divisor of 138 and 24914658.
138
What is the greatest common factor of 1399141 and 422?
211
What is the highest common divisor of 62730 and 311625?
45
Calculate the highest common factor of 141528856 and 7518.
2506
Calculate the highest common divisor of 458151368 and 664.
664
What is the highest common factor of 5354 and 1642?
2
Calculate the highest common divisor of 179045244 and 132.
12
Calculate the highest common divisor of 471319 and 18004.
643
What is the highest common factor of 420812 and 4769?
19
What is the highest common divisor of 6976843 and 46?
23
What is the highest common divisor of 60718 and 142184?
14
Calculate the greatest common divisor of 2596475172 and 4332.
4332
Calculate the highest common divisor of 4165686 and 19404.
882
What is the highest common divisor of 4151 and 117690931?
593
What is the greatest common divisor of 18266316 and 744?
372
What is the greatest common divisor of 3305354 and 21918?
26
What is the greatest common factor of 75813220 and 700?
140
What is the greatest common divisor of 225590 and 720?
10
Calculate the highest common divisor of 598636 and 32.
4
Calculate the greatest common factor of 133849 and 1223204.
977
Calculate the highest common divisor of 70884 and 72396.
36
What is the highest common divisor of 722 and 306433406?
722
Calculate the highest common factor of 71082 and 1736262.
198
Calculate the greatest common divisor of 63065190 and 480.
30
Calculate the highest common divisor of 9340 and 32360.
20
Calculate the highest common factor of 30645 and 1406265.
3405
Calculate the highest common divisor of 2178 and 89402907.
363
What is the highest common factor of 7712 and 25309579?
241
What is the highest common factor of 58149 and 198751?
7
Calculate the greatest common factor of 89 and 497724846.
89
Calculate the highest common divisor of 11144 and 706599250.
2786
What is the greatest common divisor of 49291 and 424556?
11
Calculate the greatest common divisor of 93368420 and 4.
4
Calculate the greatest common divisor of 304212 and 113928.
1212
What is the highest common factor of 12 and 418434?
6
Calculate the greatest common factor of 2293366006 and 38.
38
Calculate the greatest common divisor of 21791 and 557788.
77
Calculate the highest common factor of 255 and 40000745.
85
What is the highest common divisor of 1093 and 84380693?
1093
What is the highest common divisor of 21004 and 1338828?
236
Calculate the highest common factor of 8096 and 1216633.
11
Calculate the highest common factor of 61268533 and 2417.
2417
What is the greatest common factor of 100040 and 8159?
41
What is the highest common factor of 4532 and 225808?
44
What is the greatest common divisor of 58 and 419021?
29
Calculate the greatest common factor of 20104687 and 4279.
389
What is the greatest common factor of 76943854 and 4670?
934
What is the highest common divisor of 285822 and 3665034?
3618
Calculate the greatest common factor of 38063648 and 64.
32
Calculate the greatest common factor of 4388076266 and 14.
14
Calculate the highest common divisor of 43407 and 47488.
371
Calculate the highest common divisor of 62853173 and 1234.
617
What is the highest common divisor of 34937 and 50503712?
1519
What is the highest common factor of 6 and 80054322?
6
What is the greatest common factor of 532056364 and 22092?
7364
Calculate the greatest common divisor of 1863 and 22701.
69
What is the greatest common factor of 288454566 and 558?
186
Calculate the greatest common divisor of 875222 and 81614.
86
Calculate the greatest common divisor of 9 and 21774249.
9
Calculate the greatest common factor of 48954 and 2647944.
246
What is the highest common factor of 335938656 and 768?
96
What is the highest common divisor of 2584 and 1246704?
152
Calculate the greatest common divisor of 370 and 50527496.
74
What is the greatest common factor of 922271241 and 1902?
951
What is the greatest common factor of 89532 and 475017?
2487
What is the highest common factor of 29991 and 818985?
2307
What is the greatest common factor of 85 and 102185555?
85
Calculate the highest common factor of 12044976 and 2